{"id":98,"date":"2017-02-18T17:39:32","date_gmt":"2017-02-18T16:39:32","guid":{"rendered":"http:\/\/www.schwerpunkt-galerie.de\/?page_id=98"},"modified":"2017-02-23T13:36:02","modified_gmt":"2017-02-23T12:36:02","slug":"natalie-dombois","status":"publish","type":"page","link":"http:\/\/www.schwerpunkt-galerie.de\/index.php\/natalie-dombois\/","title":{"rendered":"Natalie Dombois"},"content":{"rendered":"<p><span style=\"color: #000000;\"><span style=\"font-family: Calibri, sans-serif;\"><span style=\"font-size: medium;\">Natalie Dombois&#8216; Bilder entf\u00fchren den Betrachter sofort in verwunschene, fantasievolle Traumwelten, wie man sie sich oft als Kind ertr\u00e4umt hat. Traum, Wirklichkeit und Poesie verschmelzen in ihren Bildern, wo sich m\u00e4rchenhafte Figuren aus vergangenen Zeiten, ebenso wie sehr moderne Charaktere wiederfinden und Raum und Zeit wie aufgehoben erscheinen. Man trifft auf magische Wesen, Indianer auf der Jagd , Astronauten, M\u00e4dchen im Rabenfederkleid oder auf einem Besen reitend, die in luftiger H\u00f6he in einem Baumhaus sitzen oder vor allerlei traumgeborenen Kreaturen fliehen oder auch einfach einen Jungen, der wie eine moderne Mischung aus einem Indianer und einem Spacepunk wirkt, beim Gameboy-Spielen. Doch so kindlich vertr\u00e4umt ihre k\u00fcnstlerischen Arbeiten auf den ersten Blick vielleicht scheinen m\u00f6gen, verstecken sich in ihnen doch oft auch ernste Themen und Botschaften, mit denen sie sich zuvor in einer ausgiebigen Recherche auseinandersetzt. All ihre Arbeiten entstehen zuvor im Kopf und werden dann direkt an einem Grafiktablett digital in Photoshop gezeichnet. <\/span><\/span><\/span><\/p>\n<p><span style=\"color: #000000;\"><span style=\"font-family: Calibri, sans-serif;\"><span style=\"font-size: medium;\">Natalie Dombois ist 1987 in Neumarkt i.d. Oberpfalz geboren, hat in N\u00fcrnberg ihren Bachelor of Arts im Fach \u201eDesign\u201c absolviert und eine Zeit freiberuflich als Grafikdesignerin gearbeitet. Im Jahr 2015 war sie Teil des Illustratoren-Kollektivs \u201eMalmling Studio\u201c und studiert seit 2016 im Masterstudiengang \u201eIllustration\u201c an der Hochschule f\u00fcr Angewandte Wissenschaften in Hamburg. Sie arbeitet weiterhin als freie Illustratorin f\u00fcr zahlreiche Projekte, illustriert B\u00fccher, gestaltet Spiele, entwickelt Storyboards und arbeitet auch im Bereich Animation. <\/span><\/span><\/span><\/p>\n<p><span style=\"color: #000000;\"><span style=\"font-family: Calibri, sans-serif;\"><span style=\"font-size: medium;\"><a href=\"http:\/\/nataliedombois.de\/\">http:\/\/nataliedombois.de\/<\/a><\/span><\/span><\/span><\/p>\n","protected":false},"excerpt":{"rendered":"<p>Natalie Dombois&#8216; Bilder entf\u00fchren den Betrachter sofort in verwunschene, fantasievolle Traumwelten, wie man sie sich oft als Kind ertr\u00e4umt hat. Traum, Wirklichkeit und Poesie verschmelzen in ihren Bildern, wo sich m\u00e4rchenhafte Figuren aus vergangenen Zeiten, ebenso wie sehr moderne Charaktere wiederfinden und Raum und Zeit wie aufgehoben erscheinen. Man trifft auf magische Wesen, Indianer auf &hellip; <\/p>\n<p class=\"link-more\"><a href=\"http:\/\/www.schwerpunkt-galerie.de\/index.php\/natalie-dombois\/\" class=\"more-link\"><span class=\"screen-reader-text\">\u201eNatalie Dombois\u201c<\/span> weiterlesen<\/a><\/p>\n","protected":false},"author":1,"featured_media":0,"parent":0,"menu_order":0,"comment_status":"closed","ping_status":"closed","template":"","meta":{"footnotes":""},"class_list":["post-98","page","type-page","status-publish","hentry"],"_links":{"self":[{"href":"http:\/\/www.schwerpunkt-galerie.de\/index.php\/wp-json\/wp\/v2\/pages\/98","targetHints":{"allow":["GET"]}}],"collection":[{"href":"http:\/\/www.schwerpunkt-galerie.de\/index.php\/wp-json\/wp\/v2\/pages"}],"about":[{"href":"http:\/\/www.schwerpunkt-galerie.de\/index.php\/wp-json\/wp\/v2\/types\/page"}],"author":[{"embeddable":true,"href":"http:\/\/www.schwerpunkt-galerie.de\/index.php\/wp-json\/wp\/v2\/users\/1"}],"replies":[{"embeddable":true,"href":"http:\/\/www.schwerpunkt-galerie.de\/index.php\/wp-json\/wp\/v2\/comments?post=98"}],"version-history":[{"count":3,"href":"http:\/\/www.schwerpunkt-galerie.de\/index.php\/wp-json\/wp\/v2\/pages\/98\/revisions"}],"predecessor-version":[{"id":161,"href":"http:\/\/www.schwerpunkt-galerie.de\/index.php\/wp-json\/wp\/v2\/pages\/98\/revisions\/161"}],"wp:attachment":[{"href":"http:\/\/www.schwerpunkt-galerie.de\/index.php\/wp-json\/wp\/v2\/media?parent=98"}],"curies":[{"name":"wp","href":"https:\/\/api.w.org\/{rel}","templated":true}]}}

<p><span style="color: #000000;"><span style="font-family: Calibri, sans-serif;"><span style="font-size: medium;">Natalie Dombois&#8216; Bilder entführen den Betrachter sofort in verwunschene, fantasievolle Traumwelten, wie man sie sich oft als Kind erträumt hat. Traum, Wirklichkeit und Poesie verschmelzen in ihren Bildern, wo sich märchenhafte Figuren aus vergangenen Zeiten, ebenso wie sehr moderne Charaktere wiederfinden und Raum und Zeit wie aufgehoben erscheinen. Man trifft auf magische Wesen, Indianer auf der Jagd , Astronauten, Mädchen im Rabenfederkleid oder auf einem Besen reitend, die in luftiger Höhe in einem Baumhaus sitzen oder vor allerlei traumgeborenen Kreaturen fliehen oder auch einfach einen Jungen, der wie eine moderne Mischung aus einem Indianer und einem Spacepunk wirkt, beim Gameboy-Spielen. Doch so kindlich verträumt ihre künstlerischen Arbeiten auf den ersten Blick vielleicht scheinen mögen, verstecken sich in ihnen doch oft auch ernste Themen und Botschaften, mit denen sie sich zuvor in einer ausgiebigen Recherche auseinandersetzt. All ihre Arbeiten entstehen zuvor im Kopf und werden dann direkt an einem Grafiktablett digital in Photoshop gezeichnet. </span></span></span></p>
<p><span style="color: #000000;"><span style="font-family: Calibri, sans-serif;"><span style="font-size: medium;">Natalie Dombois ist 1987 in Neumarkt i.d. Oberpfalz geboren, hat in Nürnberg ihren Bachelor of Arts im Fach „Design“ absolviert und eine Zeit freiberuflich als Grafikdesignerin gearbeitet. Im Jahr 2015 war sie Teil des Illustratoren-Kollektivs „Malmling Studio“ und studiert seit 2016 im Masterstudiengang „Illustration“ an der Hochschule für Angewandte Wissenschaften in Hamburg. Sie arbeitet weiterhin als freie Illustratorin für zahlreiche Projekte, illustriert Bücher, gestaltet Spiele, entwickelt Storyboards und arbeitet auch im Bereich Animation. </span></span></span></p>
<p><span style="color: #000000;"><span style="font-family: Calibri, sans-serif;"><span style="font-size: medium;"><a href="http://nataliedombois.de/">http://nataliedombois.de/</a></span></span></span></p>

<p>Natalie Dombois&#8216; Bilder entführen den Betrachter sofort in verwunschene, fantasievolle Traumwelten, wie man sie sich oft als Kind erträumt hat. Traum, Wirklichkeit und Poesie verschmelzen in ihren Bildern, wo sich märchenhafte Figuren aus vergangenen Zeiten, ebenso wie sehr moderne Charaktere wiederfinden und Raum und Zeit wie aufgehoben erscheinen. Man trifft auf magische Wesen, Indianer auf &hellip; </p>
<p class="link-more"><a href="http://www.schwerpunkt-galerie.de/index.php/natalie-dombois/" class="more-link"><span class="screen-reader-text">„Natalie Dombois“</span> weiterlesen</a></p>
