{"id":94,"date":"2017-02-18T17:38:39","date_gmt":"2017-02-18T16:38:39","guid":{"rendered":"http:\/\/www.schwerpunkt-galerie.de\/?page_id=94"},"modified":"2017-02-23T13:32:16","modified_gmt":"2017-02-23T12:32:16","slug":"katharina-bourjau","status":"publish","type":"page","link":"http:\/\/www.schwerpunkt-galerie.de\/index.php\/katharina-bourjau\/","title":{"rendered":"Katharina Bourjau"},"content":{"rendered":"<p><span style=\"color: #000000;\"><span style=\"font-family: Calibri, sans-serif;\"><span style=\"font-size: medium;\">Ihre Arbeiten, die in verschiedenen Druckverfahren, wie Siebdruck oder Risografie entstehen, fallen zun\u00e4chst durch eine sehr fl\u00e4chig angelegte Darstellung und die starken, leuchtenden Farben auf. Obwohl die Farbpalette bei Katharina Bourjau meist auf wenige Farben reduziert ist, stechen diese durch die starken Kontraste umso st\u00e4rker ins Auge und bringen die dargestellten Figuren, Landschaften und Alltagssituationen zum Leuchten. Mittels einer sehr grafischen Herangehensweise l\u00e4sst sie Formen, Personen, Landschaften, Alltagssituationen oder Sagengestalten, formal reduziert, aus wenigen klar abgegrenzten Fl\u00e4chen entstehen, die zwar auf den ersten Blick oft zun\u00e4chst kindlich verspielt wirken, doch bei genauerem Hinsehen auch ironische und ernstere T\u00f6ne anschlagen. <\/span><\/span><\/span><\/p>\n<p><span style=\"color: #000000;\"><span style=\"font-family: Calibri, sans-serif;\"><span style=\"font-size: medium;\">Auch in ihrem Projekt \u201eBayrische Sagen und Legenden aus dem Tegernseer Tal\u201c, f\u00fcr das sie 29 bayrische Sagen und Legenden neu erz\u00e4hlt und illustriert hat, tummeln sich allerlei Fabelwesen und ungew\u00f6hnliche, liebenswerte Gestalten an den Orten ihrer bayrischen Heimat. Zu den einzelnen Charakteren hat sie auch verschiedene Masken und Embleme entwickelt, die eine Reminiszenz an die Masken- und Wappentradition ihrer Heimat darstellen. Mithilfe einer illustrierten Landkarte der Region, kann man auch die Originalschaupl\u00e4tze der Sagen besuchen. <\/span><\/span><\/span><\/p>\n<p><span style=\"color: #000000;\"><span style=\"font-family: Calibri, sans-serif;\"><span style=\"font-size: medium;\">Katharina Bourjau ist 1990 in M\u00fcnchen geboren und lebt und arbeitet in Stuttgart und am Tegernsee. Sie hat an der Staatlichen Akademie der bildenden K\u00fcnste in Stuttgart Kommunikationsdesign studiert und arbeitet unter anderem als freie Illustratorin f\u00fcr verschiedene Zeitschriften und Magazine, wie z.B. die Wirtschaftswoche, das Liftmagazin, das Monocle Magazin, etc. <\/span><\/span><\/span><\/p>\n<p><a href=\"http:\/\/katharinabourjau.de\/\"><span style=\"color: #000000;\"><span style=\"font-family: Calibri, sans-serif;\"><span style=\"font-size: medium;\">http:\/\/katharinabourjau.de\/ <\/span><\/span><\/span><\/a><\/p>\n","protected":false},"excerpt":{"rendered":"<p>Ihre Arbeiten, die in verschiedenen Druckverfahren, wie Siebdruck oder Risografie entstehen, fallen zun\u00e4chst durch eine sehr fl\u00e4chig angelegte Darstellung und die starken, leuchtenden Farben auf. Obwohl die Farbpalette bei Katharina Bourjau meist auf wenige Farben reduziert ist, stechen diese durch die starken Kontraste umso st\u00e4rker ins Auge und bringen die dargestellten Figuren, Landschaften und Alltagssituationen &hellip; <\/p>\n<p class=\"link-more\"><a href=\"http:\/\/www.schwerpunkt-galerie.de\/index.php\/katharina-bourjau\/\" class=\"more-link\"><span class=\"screen-reader-text\">\u201eKatharina Bourjau\u201c<\/span> weiterlesen<\/a><\/p>\n","protected":false},"author":1,"featured_media":0,"parent":0,"menu_order":0,"comment_status":"closed","ping_status":"closed","template":"","meta":{"footnotes":""},"class_list":["post-94","page","type-page","status-publish","hentry"],"_links":{"self":[{"href":"http:\/\/www.schwerpunkt-galerie.de\/index.php\/wp-json\/wp\/v2\/pages\/94","targetHints":{"allow":["GET"]}}],"collection":[{"href":"http:\/\/www.schwerpunkt-galerie.de\/index.php\/wp-json\/wp\/v2\/pages"}],"about":[{"href":"http:\/\/www.schwerpunkt-galerie.de\/index.php\/wp-json\/wp\/v2\/types\/page"}],"author":[{"embeddable":true,"href":"http:\/\/www.schwerpunkt-galerie.de\/index.php\/wp-json\/wp\/v2\/users\/1"}],"replies":[{"embeddable":true,"href":"http:\/\/www.schwerpunkt-galerie.de\/index.php\/wp-json\/wp\/v2\/comments?post=94"}],"version-history":[{"count":5,"href":"http:\/\/www.schwerpunkt-galerie.de\/index.php\/wp-json\/wp\/v2\/pages\/94\/revisions"}],"predecessor-version":[{"id":159,"href":"http:\/\/www.schwerpunkt-galerie.de\/index.php\/wp-json\/wp\/v2\/pages\/94\/revisions\/159"}],"wp:attachment":[{"href":"http:\/\/www.schwerpunkt-galerie.de\/index.php\/wp-json\/wp\/v2\/media?parent=94"}],"curies":[{"name":"wp","href":"https:\/\/api.w.org\/{rel}","templated":true}]}}

<p><span style="color: #000000;"><span style="font-family: Calibri, sans-serif;"><span style="font-size: medium;">Ihre Arbeiten, die in verschiedenen Druckverfahren, wie Siebdruck oder Risografie entstehen, fallen zunächst durch eine sehr flächig angelegte Darstellung und die starken, leuchtenden Farben auf. Obwohl die Farbpalette bei Katharina Bourjau meist auf wenige Farben reduziert ist, stechen diese durch die starken Kontraste umso stärker ins Auge und bringen die dargestellten Figuren, Landschaften und Alltagssituationen zum Leuchten. Mittels einer sehr grafischen Herangehensweise lässt sie Formen, Personen, Landschaften, Alltagssituationen oder Sagengestalten, formal reduziert, aus wenigen klar abgegrenzten Flächen entstehen, die zwar auf den ersten Blick oft zunächst kindlich verspielt wirken, doch bei genauerem Hinsehen auch ironische und ernstere Töne anschlagen. </span></span></span></p>
<p><span style="color: #000000;"><span style="font-family: Calibri, sans-serif;"><span style="font-size: medium;">Auch in ihrem Projekt „Bayrische Sagen und Legenden aus dem Tegernseer Tal“, für das sie 29 bayrische Sagen und Legenden neu erzählt und illustriert hat, tummeln sich allerlei Fabelwesen und ungewöhnliche, liebenswerte Gestalten an den Orten ihrer bayrischen Heimat. Zu den einzelnen Charakteren hat sie auch verschiedene Masken und Embleme entwickelt, die eine Reminiszenz an die Masken- und Wappentradition ihrer Heimat darstellen. Mithilfe einer illustrierten Landkarte der Region, kann man auch die Originalschauplätze der Sagen besuchen. </span></span></span></p>
<p><span style="color: #000000;"><span style="font-family: Calibri, sans-serif;"><span style="font-size: medium;">Katharina Bourjau ist 1990 in München geboren und lebt und arbeitet in Stuttgart und am Tegernsee. Sie hat an der Staatlichen Akademie der bildenden Künste in Stuttgart Kommunikationsdesign studiert und arbeitet unter anderem als freie Illustratorin für verschiedene Zeitschriften und Magazine, wie z.B. die Wirtschaftswoche, das Liftmagazin, das Monocle Magazin, etc. </span></span></span></p>
<p><a href="http://katharinabourjau.de/"><span style="color: #000000;"><span style="font-family: Calibri, sans-serif;"><span style="font-size: medium;">http://katharinabourjau.de/ </span></span></span></a></p>

<p>Ihre Arbeiten, die in verschiedenen Druckverfahren, wie Siebdruck oder Risografie entstehen, fallen zunächst durch eine sehr flächig angelegte Darstellung und die starken, leuchtenden Farben auf. Obwohl die Farbpalette bei Katharina Bourjau meist auf wenige Farben reduziert ist, stechen diese durch die starken Kontraste umso stärker ins Auge und bringen die dargestellten Figuren, Landschaften und Alltagssituationen &hellip; </p>
<p class="link-more"><a href="http://www.schwerpunkt-galerie.de/index.php/katharina-bourjau/" class="more-link"><span class="screen-reader-text">„Katharina Bourjau“</span> weiterlesen</a></p>
