{"id":87,"date":"2017-02-18T17:37:08","date_gmt":"2017-02-18T16:37:08","guid":{"rendered":"http:\/\/www.schwerpunkt-galerie.de\/?page_id=87"},"modified":"2017-02-18T19:07:39","modified_gmt":"2017-02-18T18:07:39","slug":"veronique-stohrer","status":"publish","type":"page","link":"http:\/\/www.schwerpunkt-galerie.de\/index.php\/veronique-stohrer\/","title":{"rendered":"Veronique Stohrer"},"content":{"rendered":"<p><span style=\"color: #000000;\"><span style=\"font-family: Calibri, sans-serif;\"><span style=\"font-size: medium;\">V\u00e9ronique Stohrers Illustrationen sind meist quietschbunt, cool und immer auch ein bisschen edgy und zeigen vor allem eines, dass im Bild alles m\u00f6glich ist. Hier treffen zeichnerische Elemente, fl\u00e4chige geometrische Formen, Fotografien, Zeitungsausschnitte aus allen nur denkbaren allt\u00e4glichen und au\u00dfergew\u00f6hnlichen Situationen, Schrift und pure Farbe in Collagen aufeinander und es entstehen ungew\u00f6hnliche surreale Wesen und Szenerien, die aus einer anderen Welt zu entstammen scheinen. Ihre Arbeiten entstehen dabei sowohl analog, als auch digital. <\/span><\/span><\/span><\/p>\n<p><span style=\"font-family: Calibri, sans-serif;\"><span style=\"font-size: medium;\"><span style=\"color: #000000;\">V\u00e9ronique Stohrer arbeitet als Illustratorin und Designerin von ihrem Atelier in Stuttgart aus f\u00fcr Agenturen, Verlage und eigene Kunden,national wie international. Sie hat an der Hochschule f\u00fcr Gestaltung in Pforzheim, als auch am Camberwell College of Arts in London studiert. <\/span><\/span><\/span><\/p>\n<p><a href=\"http:\/\/www.veronique-stohrer.com\/4763045\"><span style=\"color: #000000;\"><span style=\"font-family: Calibri, sans-serif;\"><span style=\"font-size: medium;\">http:\/\/www.veronique-stohrer.com\/4763045<\/span><\/span><\/span><\/a><\/p>\n","protected":false},"excerpt":{"rendered":"<p>V\u00e9ronique Stohrers Illustrationen sind meist quietschbunt, cool und immer auch ein bisschen edgy und zeigen vor allem eines, dass im Bild alles m\u00f6glich ist. Hier treffen zeichnerische Elemente, fl\u00e4chige geometrische Formen, Fotografien, Zeitungsausschnitte aus allen nur denkbaren allt\u00e4glichen und au\u00dfergew\u00f6hnlichen Situationen, Schrift und pure Farbe in Collagen aufeinander und es entstehen ungew\u00f6hnliche surreale Wesen und &hellip; <\/p>\n<p class=\"link-more\"><a href=\"http:\/\/www.schwerpunkt-galerie.de\/index.php\/veronique-stohrer\/\" class=\"more-link\"><span class=\"screen-reader-text\">\u201eVeronique Stohrer\u201c<\/span> weiterlesen<\/a><\/p>\n","protected":false},"author":1,"featured_media":0,"parent":0,"menu_order":0,"comment_status":"closed","ping_status":"closed","template":"","meta":{"footnotes":""},"class_list":["post-87","page","type-page","status-publish","hentry"],"_links":{"self":[{"href":"http:\/\/www.schwerpunkt-galerie.de\/index.php\/wp-json\/wp\/v2\/pages\/87","targetHints":{"allow":["GET"]}}],"collection":[{"href":"http:\/\/www.schwerpunkt-galerie.de\/index.php\/wp-json\/wp\/v2\/pages"}],"about":[{"href":"http:\/\/www.schwerpunkt-galerie.de\/index.php\/wp-json\/wp\/v2\/types\/page"}],"author":[{"embeddable":true,"href":"http:\/\/www.schwerpunkt-galerie.de\/index.php\/wp-json\/wp\/v2\/users\/1"}],"replies":[{"embeddable":true,"href":"http:\/\/www.schwerpunkt-galerie.de\/index.php\/wp-json\/wp\/v2\/comments?post=87"}],"version-history":[{"count":2,"href":"http:\/\/www.schwerpunkt-galerie.de\/index.php\/wp-json\/wp\/v2\/pages\/87\/revisions"}],"predecessor-version":[{"id":132,"href":"http:\/\/www.schwerpunkt-galerie.de\/index.php\/wp-json\/wp\/v2\/pages\/87\/revisions\/132"}],"wp:attachment":[{"href":"http:\/\/www.schwerpunkt-galerie.de\/index.php\/wp-json\/wp\/v2\/media?parent=87"}],"curies":[{"name":"wp","href":"https:\/\/api.w.org\/{rel}","templated":true}]}}

<p><span style="color: #000000;"><span style="font-family: Calibri, sans-serif;"><span style="font-size: medium;">Véronique Stohrers Illustrationen sind meist quietschbunt, cool und immer auch ein bisschen edgy und zeigen vor allem eines, dass im Bild alles möglich ist. Hier treffen zeichnerische Elemente, flächige geometrische Formen, Fotografien, Zeitungsausschnitte aus allen nur denkbaren alltäglichen und außergewöhnlichen Situationen, Schrift und pure Farbe in Collagen aufeinander und es entstehen ungewöhnliche surreale Wesen und Szenerien, die aus einer anderen Welt zu entstammen scheinen. Ihre Arbeiten entstehen dabei sowohl analog, als auch digital. </span></span></span></p>
<p><span style="font-family: Calibri, sans-serif;"><span style="font-size: medium;"><span style="color: #000000;">Véronique Stohrer arbeitet als Illustratorin und Designerin von ihrem Atelier in Stuttgart aus für Agenturen, Verlage und eigene Kunden,national wie international. Sie hat an der Hochschule für Gestaltung in Pforzheim, als auch am Camberwell College of Arts in London studiert. </span></span></span></p>
<p><a href="http://www.veronique-stohrer.com/4763045"><span style="color: #000000;"><span style="font-family: Calibri, sans-serif;"><span style="font-size: medium;">http://www.veronique-stohrer.com/4763045</span></span></span></a></p>

<p>Véronique Stohrers Illustrationen sind meist quietschbunt, cool und immer auch ein bisschen edgy und zeigen vor allem eines, dass im Bild alles möglich ist. Hier treffen zeichnerische Elemente, flächige geometrische Formen, Fotografien, Zeitungsausschnitte aus allen nur denkbaren alltäglichen und außergewöhnlichen Situationen, Schrift und pure Farbe in Collagen aufeinander und es entstehen ungewöhnliche surreale Wesen und &hellip; </p>
<p class="link-more"><a href="http://www.schwerpunkt-galerie.de/index.php/veronique-stohrer/" class="more-link"><span class="screen-reader-text">„Veronique Stohrer“</span> weiterlesen</a></p>
