{"id":233,"date":"2018-04-06T12:27:37","date_gmt":"2018-04-06T10:27:37","guid":{"rendered":"http:\/\/www.schwerpunkt-galerie.de\/?page_id=233"},"modified":"2018-04-06T12:27:37","modified_gmt":"2018-04-06T10:27:37","slug":"anne-ehrhardt","status":"publish","type":"page","link":"http:\/\/www.schwerpunkt-galerie.de\/index.php\/anne-ehrhardt\/","title":{"rendered":"Anne Ehrhardt"},"content":{"rendered":"<p><span style=\"color: #222222;\"><span style=\"font-family: Arial, sans-serif;\"><span style=\"font-size: small;\">Orte in der Vorstellung. Die Erinnerung an einen n\u00e4chtlichen Traum. Bilder aus der Kindheit. Der Wunsch, Verg\u00e4ngliches zu bewahren. Solche Motive liegen Anne Ehrhardts figurativ gepr\u00e4gten Bildwelten zugrunde. In ihnen etabliert sie eine Zeit, die vergangen und doch \u00fcberzeitlich erscheint. Die Szenen k\u00f6nnten der uns bekannten Welt entspringen, sie sind jedoch unwirklich und bewegen sich im traumhaft Unklaren. Ihr Interesse gilt dem Nichtsichtbaren. <\/span><\/span><\/span><\/p>\n<p><span style=\"color: #222222;\"><span style=\"font-family: Arial, sans-serif;\"><span style=\"font-size: small;\">In ihren Arbeiten lenkt sie den Blick auf die kleinen Dinge \u2013 eine Kristallkugel- einen winzigen Funken in der Hand. <\/span><\/span><\/span><\/p>\n<p><span style=\"color: #222222;\"><span style=\"font-family: Arial, sans-serif;\"><span style=\"font-size: small;\">Manchmal sammelt sie kleine allt\u00e4gliche Dinge oder fertigt scheinbar nat\u00fcrliche Artefakte an, die sie wie Kleinode behandelt, in Setzk\u00e4sten archiviert und ihnen dadurch den Wert des Besonderen und Kostbaren beimisst. Dabei verwundert es uns als Betrachter nicht, dass in ihren Bildwelten kleine Weltkugeln im Einmachglas neben eingelegten Gurken im Regal stehen, oder an einem Kiosk, im nicht n\u00e4her bestimmbaren Raum, angeboten werden. \u00c4hnlich wie im Traum, folgen die Dinge hier, innerhalb ihrer Welt, ihrer eigenen Logik. <\/span><\/span><\/span><\/p>\n<p><span style=\"color: #222222;\"><span style=\"font-family: Arial, sans-serif;\"><span style=\"font-size: small;\">Die Figuren erscheinen stets ganz vertieft in ihr Tun, traumwandlerisch bewegen sie sich in ihrer Welt, beobachten diese, sind in sich versunken und scheinen auch mal etwas \u00fcber dem Boden zu schweben. <\/span><\/span><\/span><\/p>\n<p><span style=\"color: #222222;\"><span style=\"font-family: Arial, sans-serif;\"><span style=\"font-size: small;\">Anne Ehrhardt schafft eigene, geheimnisvolle, vertr\u00e4umte Welten von mystisch-poetischer Kraft, die sie zeichnerisch und malerisch, voller Neugier und mit geradezu kindlichem Forschergeist, erkundet und neu arrangiert. Die Natur zeigt sich in diesem stillen Kosmos, der mehr und mehr zum Erz\u00e4hlerischen tendiert, heimlich und unheimlich zugleich.<\/span><\/span><\/span><\/p>\n<p><span style=\"color: #222222;\"><span style=\"font-family: Arial, sans-serif;\"><span style=\"font-size: small;\">Die aus Dresden stammende K\u00fcnstlerin studierte Malerei und Grafik an der Staatlichen Akademie der Bildenden K\u00fcnste in Karlsruhe bei Prof. Marijke van Warmerdam und intermediales Gestalten an der Staatlichen Akademie der Bildenden K\u00fcnste bei Prof. Joachim Fleischer und Discoteca Flaming Star in Stuttgart. Sie lebt und arbeitet in Karlsruhe. <\/span><\/span><\/span><\/p>\n","protected":false},"excerpt":{"rendered":"<p>Orte in der Vorstellung. Die Erinnerung an einen n\u00e4chtlichen Traum. Bilder aus der Kindheit. Der Wunsch, Verg\u00e4ngliches zu bewahren. Solche Motive liegen Anne Ehrhardts figurativ gepr\u00e4gten Bildwelten zugrunde. In ihnen etabliert sie eine Zeit, die vergangen und doch \u00fcberzeitlich erscheint. Die Szenen k\u00f6nnten der uns bekannten Welt entspringen, sie sind jedoch unwirklich und bewegen sich &hellip; <\/p>\n<p class=\"link-more\"><a href=\"http:\/\/www.schwerpunkt-galerie.de\/index.php\/anne-ehrhardt\/\" class=\"more-link\"><span class=\"screen-reader-text\">\u201eAnne Ehrhardt\u201c<\/span> weiterlesen<\/a><\/p>\n","protected":false},"author":1,"featured_media":0,"parent":0,"menu_order":0,"comment_status":"closed","ping_status":"closed","template":"","meta":{"footnotes":""},"class_list":["post-233","page","type-page","status-publish","hentry"],"_links":{"self":[{"href":"http:\/\/www.schwerpunkt-galerie.de\/index.php\/wp-json\/wp\/v2\/pages\/233","targetHints":{"allow":["GET"]}}],"collection":[{"href":"http:\/\/www.schwerpunkt-galerie.de\/index.php\/wp-json\/wp\/v2\/pages"}],"about":[{"href":"http:\/\/www.schwerpunkt-galerie.de\/index.php\/wp-json\/wp\/v2\/types\/page"}],"author":[{"embeddable":true,"href":"http:\/\/www.schwerpunkt-galerie.de\/index.php\/wp-json\/wp\/v2\/users\/1"}],"replies":[{"embeddable":true,"href":"http:\/\/www.schwerpunkt-galerie.de\/index.php\/wp-json\/wp\/v2\/comments?post=233"}],"version-history":[{"count":1,"href":"http:\/\/www.schwerpunkt-galerie.de\/index.php\/wp-json\/wp\/v2\/pages\/233\/revisions"}],"predecessor-version":[{"id":234,"href":"http:\/\/www.schwerpunkt-galerie.de\/index.php\/wp-json\/wp\/v2\/pages\/233\/revisions\/234"}],"wp:attachment":[{"href":"http:\/\/www.schwerpunkt-galerie.de\/index.php\/wp-json\/wp\/v2\/media?parent=233"}],"curies":[{"name":"wp","href":"https:\/\/api.w.org\/{rel}","templated":true}]}}

<p><span style="color: #222222;"><span style="font-family: Arial, sans-serif;"><span style="font-size: small;">Orte in der Vorstellung. Die Erinnerung an einen nächtlichen Traum. Bilder aus der Kindheit. Der Wunsch, Vergängliches zu bewahren. Solche Motive liegen Anne Ehrhardts figurativ geprägten Bildwelten zugrunde. In ihnen etabliert sie eine Zeit, die vergangen und doch überzeitlich erscheint. Die Szenen könnten der uns bekannten Welt entspringen, sie sind jedoch unwirklich und bewegen sich im traumhaft Unklaren. Ihr Interesse gilt dem Nichtsichtbaren. </span></span></span></p>
<p><span style="color: #222222;"><span style="font-family: Arial, sans-serif;"><span style="font-size: small;">In ihren Arbeiten lenkt sie den Blick auf die kleinen Dinge – eine Kristallkugel- einen winzigen Funken in der Hand. </span></span></span></p>
<p><span style="color: #222222;"><span style="font-family: Arial, sans-serif;"><span style="font-size: small;">Manchmal sammelt sie kleine alltägliche Dinge oder fertigt scheinbar natürliche Artefakte an, die sie wie Kleinode behandelt, in Setzkästen archiviert und ihnen dadurch den Wert des Besonderen und Kostbaren beimisst. Dabei verwundert es uns als Betrachter nicht, dass in ihren Bildwelten kleine Weltkugeln im Einmachglas neben eingelegten Gurken im Regal stehen, oder an einem Kiosk, im nicht näher bestimmbaren Raum, angeboten werden. Ähnlich wie im Traum, folgen die Dinge hier, innerhalb ihrer Welt, ihrer eigenen Logik. </span></span></span></p>
<p><span style="color: #222222;"><span style="font-family: Arial, sans-serif;"><span style="font-size: small;">Die Figuren erscheinen stets ganz vertieft in ihr Tun, traumwandlerisch bewegen sie sich in ihrer Welt, beobachten diese, sind in sich versunken und scheinen auch mal etwas über dem Boden zu schweben. </span></span></span></p>
<p><span style="color: #222222;"><span style="font-family: Arial, sans-serif;"><span style="font-size: small;">Anne Ehrhardt schafft eigene, geheimnisvolle, verträumte Welten von mystisch-poetischer Kraft, die sie zeichnerisch und malerisch, voller Neugier und mit geradezu kindlichem Forschergeist, erkundet und neu arrangiert. Die Natur zeigt sich in diesem stillen Kosmos, der mehr und mehr zum Erzählerischen tendiert, heimlich und unheimlich zugleich.</span></span></span></p>
<p><span style="color: #222222;"><span style="font-family: Arial, sans-serif;"><span style="font-size: small;">Die aus Dresden stammende Künstlerin studierte Malerei und Grafik an der Staatlichen Akademie der Bildenden Künste in Karlsruhe bei Prof. Marijke van Warmerdam und intermediales Gestalten an der Staatlichen Akademie der Bildenden Künste bei Prof. Joachim Fleischer und Discoteca Flaming Star in Stuttgart. Sie lebt und arbeitet in Karlsruhe. </span></span></span></p>

<p>Orte in der Vorstellung. Die Erinnerung an einen nächtlichen Traum. Bilder aus der Kindheit. Der Wunsch, Vergängliches zu bewahren. Solche Motive liegen Anne Ehrhardts figurativ geprägten Bildwelten zugrunde. In ihnen etabliert sie eine Zeit, die vergangen und doch überzeitlich erscheint. Die Szenen könnten der uns bekannten Welt entspringen, sie sind jedoch unwirklich und bewegen sich &hellip; </p>
<p class="link-more"><a href="http://www.schwerpunkt-galerie.de/index.php/anne-ehrhardt/" class="more-link"><span class="screen-reader-text">„Anne Ehrhardt“</span> weiterlesen</a></p>
