{"id":228,"date":"2018-04-03T09:55:53","date_gmt":"2018-04-03T07:55:53","guid":{"rendered":"http:\/\/www.schwerpunkt-galerie.de\/?page_id=228"},"modified":"2018-04-03T09:55:53","modified_gmt":"2018-04-03T07:55:53","slug":"ilona-herreiner","status":"publish","type":"page","link":"http:\/\/www.schwerpunkt-galerie.de\/index.php\/ilona-herreiner\/","title":{"rendered":"Ilona Herreiner"},"content":{"rendered":"<p>Das zentrale Thema ihrer Arbeit ist die Verwandlung. Ilona Herreiner entlehnt ihre Kreaturen oft der Mythen- und M\u00e4rchenwelt, verleiht ihnen moderne Attribute und schafft Wesen im \u00dcbergang, manchmal von geheimnisvoller Komik. Mal sind es scheinbar allt\u00e4gliche Szenen, wie ein Kanufahrer, der an einem Felsengipfel vorbei paddelt, doch fehlt der Fluss, auf dem sein Boot dahingleitet, vielmehr scheint er schwebend durch die Luft zu fahren. Ebenso ein verirrter Schwimmer, <span style=\"color: #000000;\"><span style=\"font-family: 'Times New Roman', serif;\"><span style=\"font-size: medium;\">der mit Flossen an den F\u00fc\u00dfen, von Ballons getragen, am Felsen h\u00e4ngt.\u00a0<\/span><\/span><\/span><\/p>\n<p>Ihre Figuren begegnen uns im Moment des \u00dcbertritts von einem Zustand in einen anderen. Sie sind nicht mehr dort und noch nicht hier. Sie verweilen im Zwischen. In dynamischen Momentaufnahmen erz\u00e4hlen die Figuren uns ihre Geschichten. Nicht einmal das Holz, aus dem sie ihre Zwischenwesen sch\u00e4lt, ist starr, leblos oder gar tot. Es beginnt zu vibrieren, zu flie\u00dfen, zu schweben. Es verwandelt sich. Der gef\u00e4llte Baum lebt weiter. Wir dichten den Figuren, die aus ihm entstehen, Vergangenheit und Zukunft an, erfinden ihnen Geschichten und ein Dasein in entlegensten Gefilden.<\/p>\n<p>Die aus Bayern stammende Bildhauerin Ilona Herreiner erlernte ihr Handwerk an der Fachschule Berchtesgaden, bevor sie ein Studium an der Karlsruher Kunstakademie absolvierte, das sie als Meistersch\u00fclerin von Prof. John Bock abschloss.<\/p>\n<p>Heute lebt und arbeitet sie in Augsburg, Berlin und Melbourne.<\/p>\n","protected":false},"excerpt":{"rendered":"<p>Das zentrale Thema ihrer Arbeit ist die Verwandlung. Ilona Herreiner entlehnt ihre Kreaturen oft der Mythen- und M\u00e4rchenwelt, verleiht ihnen moderne Attribute und schafft Wesen im \u00dcbergang, manchmal von geheimnisvoller Komik. Mal sind es scheinbar allt\u00e4gliche Szenen, wie ein Kanufahrer, der an einem Felsengipfel vorbei paddelt, doch fehlt der Fluss, auf dem sein Boot dahingleitet, &hellip; <\/p>\n<p class=\"link-more\"><a href=\"http:\/\/www.schwerpunkt-galerie.de\/index.php\/ilona-herreiner\/\" class=\"more-link\"><span class=\"screen-reader-text\">\u201eIlona Herreiner\u201c<\/span> weiterlesen<\/a><\/p>\n","protected":false},"author":1,"featured_media":0,"parent":0,"menu_order":0,"comment_status":"closed","ping_status":"closed","template":"","meta":{"footnotes":""},"class_list":["post-228","page","type-page","status-publish","hentry"],"_links":{"self":[{"href":"http:\/\/www.schwerpunkt-galerie.de\/index.php\/wp-json\/wp\/v2\/pages\/228","targetHints":{"allow":["GET"]}}],"collection":[{"href":"http:\/\/www.schwerpunkt-galerie.de\/index.php\/wp-json\/wp\/v2\/pages"}],"about":[{"href":"http:\/\/www.schwerpunkt-galerie.de\/index.php\/wp-json\/wp\/v2\/types\/page"}],"author":[{"embeddable":true,"href":"http:\/\/www.schwerpunkt-galerie.de\/index.php\/wp-json\/wp\/v2\/users\/1"}],"replies":[{"embeddable":true,"href":"http:\/\/www.schwerpunkt-galerie.de\/index.php\/wp-json\/wp\/v2\/comments?post=228"}],"version-history":[{"count":1,"href":"http:\/\/www.schwerpunkt-galerie.de\/index.php\/wp-json\/wp\/v2\/pages\/228\/revisions"}],"predecessor-version":[{"id":229,"href":"http:\/\/www.schwerpunkt-galerie.de\/index.php\/wp-json\/wp\/v2\/pages\/228\/revisions\/229"}],"wp:attachment":[{"href":"http:\/\/www.schwerpunkt-galerie.de\/index.php\/wp-json\/wp\/v2\/media?parent=228"}],"curies":[{"name":"wp","href":"https:\/\/api.w.org\/{rel}","templated":true}]}}

<p>Das zentrale Thema ihrer Arbeit ist die Verwandlung. Ilona Herreiner entlehnt ihre Kreaturen oft der Mythen- und Märchenwelt, verleiht ihnen moderne Attribute und schafft Wesen im Übergang, manchmal von geheimnisvoller Komik. Mal sind es scheinbar alltägliche Szenen, wie ein Kanufahrer, der an einem Felsengipfel vorbei paddelt, doch fehlt der Fluss, auf dem sein Boot dahingleitet, vielmehr scheint er schwebend durch die Luft zu fahren. Ebenso ein verirrter Schwimmer, <span style="color: #000000;"><span style="font-family: 'Times New Roman', serif;"><span style="font-size: medium;">der mit Flossen an den Füßen, von Ballons getragen, am Felsen hängt. </span></span></span></p>
<p>Ihre Figuren begegnen uns im Moment des Übertritts von einem Zustand in einen anderen. Sie sind nicht mehr dort und noch nicht hier. Sie verweilen im Zwischen. In dynamischen Momentaufnahmen erzählen die Figuren uns ihre Geschichten. Nicht einmal das Holz, aus dem sie ihre Zwischenwesen schält, ist starr, leblos oder gar tot. Es beginnt zu vibrieren, zu fließen, zu schweben. Es verwandelt sich. Der gefällte Baum lebt weiter. Wir dichten den Figuren, die aus ihm entstehen, Vergangenheit und Zukunft an, erfinden ihnen Geschichten und ein Dasein in entlegensten Gefilden.</p>
<p>Die aus Bayern stammende Bildhauerin Ilona Herreiner erlernte ihr Handwerk an der Fachschule Berchtesgaden, bevor sie ein Studium an der Karlsruher Kunstakademie absolvierte, das sie als Meisterschülerin von Prof. John Bock abschloss.</p>
<p>Heute lebt und arbeitet sie in Augsburg, Berlin und Melbourne.</p>

<p>Das zentrale Thema ihrer Arbeit ist die Verwandlung. Ilona Herreiner entlehnt ihre Kreaturen oft der Mythen- und Märchenwelt, verleiht ihnen moderne Attribute und schafft Wesen im Übergang, manchmal von geheimnisvoller Komik. Mal sind es scheinbar alltägliche Szenen, wie ein Kanufahrer, der an einem Felsengipfel vorbei paddelt, doch fehlt der Fluss, auf dem sein Boot dahingleitet, &hellip; </p>
<p class="link-more"><a href="http://www.schwerpunkt-galerie.de/index.php/ilona-herreiner/" class="more-link"><span class="screen-reader-text">„Ilona Herreiner“</span> weiterlesen</a></p>
