{"id":225,"date":"2018-04-03T09:54:37","date_gmt":"2018-04-03T07:54:37","guid":{"rendered":"http:\/\/www.schwerpunkt-galerie.de\/?page_id=225"},"modified":"2018-04-03T09:54:37","modified_gmt":"2018-04-03T07:54:37","slug":"nanako-shikata","status":"publish","type":"page","link":"http:\/\/www.schwerpunkt-galerie.de\/index.php\/nanako-shikata\/","title":{"rendered":"Nanako Shikata"},"content":{"rendered":"<p><span style=\"color: #222222;\"><span style=\"font-family: Arial, sans-serif;\"><span style=\"font-size: small;\">N\u00e4chtliche Szenen durchziehen die Arbeiten von Nanako Shikata, die mit Kohle,Tusche,Gouache und Pastellfarben arbeitet. Einerseits bildet sie urbane Landschaften ab, die sich nicht spezifisch geografisch verorten lassen, anderseits finden sich auf ihren Bildern Momentaufnahmen aus dem Schwarzwald. Die bis in den Horizont reichenden Landschaften in ihren Bildern erzeugen eine stimmungsvolle und manchmal magische, geheimnisvolle Atmosph\u00e4re. <\/span><\/span><\/span><\/p>\n<p><span style=\"color: #222222;\"><span style=\"font-family: Arial, sans-serif;\"><span style=\"font-size: small;\">Einige Landschaften sind wie im Vorbeifahren eingefangen. Es sind kurze Momentaufnahmen in Bewegung, wie aus dem Zugfenster oder durch die Windschutzscheibe beobachtet, und manchmal nur durch ein Scheinwerferlicht beleuchtet, sch\u00e4len sie sich aus der Dunkelheit. <\/span><\/span><\/span><\/p>\n<p><span style=\"color: #222222;\"><span style=\"font-family: Arial, sans-serif;\"><span style=\"font-size: small;\">Oftmals sind es n\u00e4chtliche Szenen in der Natur, in die einzelne Elemente der Zivilisation hineinbrechen. Mal ist es eine S-Bahn, die im n\u00e4chtlichen Unwetter durch den Wald f\u00e4hrt, mal ein Strommast, dessen Ger\u00fcst und Dr\u00e4hte die Landschaft teilen. <\/span><\/span><\/span><\/p>\n<p><span style=\"color: #222222;\"><span style=\"font-family: Arial, sans-serif;\"><span style=\"font-size: small;\">Die aus Japan stammende K\u00fcnstlerin Nanako Shikata ist in der Millionenmetropole Tokio aufgewachsen, mit der wir Fortschritt, Urbanit\u00e4t, Menschenmassen und Anonymit\u00e4t verbinden. In Shikatas Arbeiten werden Natur und Zivilisation miteinander konfrontiert und durchdringen sich gegenseitig. <\/span><\/span><\/span><\/p>\n<p><span style=\"color: #222222;\"><span style=\"font-family: Arial, sans-serif;\"><span style=\"font-size: small;\">In ihren geheimnisvolle Zeichnungen hinterfragt die K\u00fcnstlerin menschliche Perspektiven. Die mit zarten Pastellfarben, Kohle, Gouache und\/oder Tusche auf Papier angefertigten Bildnisse handeln von der Ambivalenz zwischen Verbundenheit und Verschiedenheit.<\/span><\/span><\/span><\/p>\n<p><span style=\"color: #222222;\"><span style=\"font-family: Arial, sans-serif;\"><span style=\"font-size: small;\">Strommasten reichen einander die Hand, Scheinwerfer lassen auf dunklen Stra\u00dfen die gemeinsamen Ziele vermuten, schemenhafte Gestalten stehen gruppiert in offenen, auf ihre Grundmerkmale reduzierten Landschaften. Immer schwingt bei der in Japan und Deutschland ausgebildeten K\u00fcnstlerin die Konfrontation mit dem Fremden mit, die sich in einer scharfen Beobachtungsgabe f\u00fcr scheinbare Selbstverst\u00e4ndlichkeiten manifestiert.<\/span><\/span><\/span><\/p>\n<p><span style=\"color: #222222;\"><span style=\"font-family: Arial, sans-serif;\"><span style=\"font-size: small;\">Nanako Shikata wurde 1977 in Tokio geboren und studierte Bildhauerei an der Tokyo Zokei Universit\u00e4t. Sie war Austauschstudentin an der Akademie der bildenden K\u00fcnste in Wien bei Prof. Bruno Gironcoli und studierte anschlie\u00dfend nach ihrem Abschluss in Tokio Bildhauerei an der Staatl. Akademie der bildenden K\u00fcnste Karlsruhe bei Prof. Stephan Balkenhol und war Meistersch\u00fclerin bei ihm. Seit 2009 lebt und arbeitet sie in Berlin.<\/span><\/span><\/span><\/p>\n<p><a href=\"http:\/\/www.michaelahelfrich-galerie.com\/kuenstler\/nanako-shikata\/\"><span style=\"color: #222222;\"><span style=\"font-family: Arial, sans-serif;\"><span style=\"font-size: small;\">http:\/\/www.michaelahelfrich-galerie.com\/kuenstler\/nanako-shikata\/<\/span><\/span><\/span><\/a><\/p>\n","protected":false},"excerpt":{"rendered":"<p>N\u00e4chtliche Szenen durchziehen die Arbeiten von Nanako Shikata, die mit Kohle,Tusche,Gouache und Pastellfarben arbeitet. Einerseits bildet sie urbane Landschaften ab, die sich nicht spezifisch geografisch verorten lassen, anderseits finden sich auf ihren Bildern Momentaufnahmen aus dem Schwarzwald. Die bis in den Horizont reichenden Landschaften in ihren Bildern erzeugen eine stimmungsvolle und manchmal magische, geheimnisvolle Atmosph\u00e4re. &hellip; <\/p>\n<p class=\"link-more\"><a href=\"http:\/\/www.schwerpunkt-galerie.de\/index.php\/nanako-shikata\/\" class=\"more-link\"><span class=\"screen-reader-text\">\u201eNanako Shikata\u201c<\/span> weiterlesen<\/a><\/p>\n","protected":false},"author":1,"featured_media":0,"parent":0,"menu_order":0,"comment_status":"closed","ping_status":"closed","template":"","meta":{"footnotes":""},"class_list":["post-225","page","type-page","status-publish","hentry"],"_links":{"self":[{"href":"http:\/\/www.schwerpunkt-galerie.de\/index.php\/wp-json\/wp\/v2\/pages\/225","targetHints":{"allow":["GET"]}}],"collection":[{"href":"http:\/\/www.schwerpunkt-galerie.de\/index.php\/wp-json\/wp\/v2\/pages"}],"about":[{"href":"http:\/\/www.schwerpunkt-galerie.de\/index.php\/wp-json\/wp\/v2\/types\/page"}],"author":[{"embeddable":true,"href":"http:\/\/www.schwerpunkt-galerie.de\/index.php\/wp-json\/wp\/v2\/users\/1"}],"replies":[{"embeddable":true,"href":"http:\/\/www.schwerpunkt-galerie.de\/index.php\/wp-json\/wp\/v2\/comments?post=225"}],"version-history":[{"count":1,"href":"http:\/\/www.schwerpunkt-galerie.de\/index.php\/wp-json\/wp\/v2\/pages\/225\/revisions"}],"predecessor-version":[{"id":226,"href":"http:\/\/www.schwerpunkt-galerie.de\/index.php\/wp-json\/wp\/v2\/pages\/225\/revisions\/226"}],"wp:attachment":[{"href":"http:\/\/www.schwerpunkt-galerie.de\/index.php\/wp-json\/wp\/v2\/media?parent=225"}],"curies":[{"name":"wp","href":"https:\/\/api.w.org\/{rel}","templated":true}]}}

<p><span style="color: #222222;"><span style="font-family: Arial, sans-serif;"><span style="font-size: small;">Nächtliche Szenen durchziehen die Arbeiten von Nanako Shikata, die mit Kohle,Tusche,Gouache und Pastellfarben arbeitet. Einerseits bildet sie urbane Landschaften ab, die sich nicht spezifisch geografisch verorten lassen, anderseits finden sich auf ihren Bildern Momentaufnahmen aus dem Schwarzwald. Die bis in den Horizont reichenden Landschaften in ihren Bildern erzeugen eine stimmungsvolle und manchmal magische, geheimnisvolle Atmosphäre. </span></span></span></p>
<p><span style="color: #222222;"><span style="font-family: Arial, sans-serif;"><span style="font-size: small;">Einige Landschaften sind wie im Vorbeifahren eingefangen. Es sind kurze Momentaufnahmen in Bewegung, wie aus dem Zugfenster oder durch die Windschutzscheibe beobachtet, und manchmal nur durch ein Scheinwerferlicht beleuchtet, schälen sie sich aus der Dunkelheit. </span></span></span></p>
<p><span style="color: #222222;"><span style="font-family: Arial, sans-serif;"><span style="font-size: small;">Oftmals sind es nächtliche Szenen in der Natur, in die einzelne Elemente der Zivilisation hineinbrechen. Mal ist es eine S-Bahn, die im nächtlichen Unwetter durch den Wald fährt, mal ein Strommast, dessen Gerüst und Drähte die Landschaft teilen. </span></span></span></p>
<p><span style="color: #222222;"><span style="font-family: Arial, sans-serif;"><span style="font-size: small;">Die aus Japan stammende Künstlerin Nanako Shikata ist in der Millionenmetropole Tokio aufgewachsen, mit der wir Fortschritt, Urbanität, Menschenmassen und Anonymität verbinden. In Shikatas Arbeiten werden Natur und Zivilisation miteinander konfrontiert und durchdringen sich gegenseitig. </span></span></span></p>
<p><span style="color: #222222;"><span style="font-family: Arial, sans-serif;"><span style="font-size: small;">In ihren geheimnisvolle Zeichnungen hinterfragt die Künstlerin menschliche Perspektiven. Die mit zarten Pastellfarben, Kohle, Gouache und/oder Tusche auf Papier angefertigten Bildnisse handeln von der Ambivalenz zwischen Verbundenheit und Verschiedenheit.</span></span></span></p>
<p><span style="color: #222222;"><span style="font-family: Arial, sans-serif;"><span style="font-size: small;">Strommasten reichen einander die Hand, Scheinwerfer lassen auf dunklen Straßen die gemeinsamen Ziele vermuten, schemenhafte Gestalten stehen gruppiert in offenen, auf ihre Grundmerkmale reduzierten Landschaften. Immer schwingt bei der in Japan und Deutschland ausgebildeten Künstlerin die Konfrontation mit dem Fremden mit, die sich in einer scharfen Beobachtungsgabe für scheinbare Selbstverständlichkeiten manifestiert.</span></span></span></p>
<p><span style="color: #222222;"><span style="font-family: Arial, sans-serif;"><span style="font-size: small;">Nanako Shikata wurde 1977 in Tokio geboren und studierte Bildhauerei an der Tokyo Zokei Universität. Sie war Austauschstudentin an der Akademie der bildenden Künste in Wien bei Prof. Bruno Gironcoli und studierte anschließend nach ihrem Abschluss in Tokio Bildhauerei an der Staatl. Akademie der bildenden Künste Karlsruhe bei Prof. Stephan Balkenhol und war Meisterschülerin bei ihm. Seit 2009 lebt und arbeitet sie in Berlin.</span></span></span></p>
<p><a href="http://www.michaelahelfrich-galerie.com/kuenstler/nanako-shikata/"><span style="color: #222222;"><span style="font-family: Arial, sans-serif;"><span style="font-size: small;">http://www.michaelahelfrich-galerie.com/kuenstler/nanako-shikata/</span></span></span></a></p>

<p>Nächtliche Szenen durchziehen die Arbeiten von Nanako Shikata, die mit Kohle,Tusche,Gouache und Pastellfarben arbeitet. Einerseits bildet sie urbane Landschaften ab, die sich nicht spezifisch geografisch verorten lassen, anderseits finden sich auf ihren Bildern Momentaufnahmen aus dem Schwarzwald. Die bis in den Horizont reichenden Landschaften in ihren Bildern erzeugen eine stimmungsvolle und manchmal magische, geheimnisvolle Atmosphäre. &hellip; </p>
<p class="link-more"><a href="http://www.schwerpunkt-galerie.de/index.php/nanako-shikata/" class="more-link"><span class="screen-reader-text">„Nanako Shikata“</span> weiterlesen</a></p>
