{"id":102,"date":"2017-02-18T17:40:17","date_gmt":"2017-02-18T16:40:17","guid":{"rendered":"http:\/\/www.schwerpunkt-galerie.de\/?page_id=102"},"modified":"2017-02-19T18:48:19","modified_gmt":"2017-02-19T17:48:19","slug":"ramona-wultschner","status":"publish","type":"page","link":"http:\/\/www.schwerpunkt-galerie.de\/index.php\/ramona-wultschner\/","title":{"rendered":"Ramona Wultschner"},"content":{"rendered":"<p><span style=\"color: #000000;\"><span style=\"font-family: Calibri, sans-serif;\"><span style=\"font-size: medium;\">Ramona Wultschner arbeitet gerne mit traditionellen Medien, wie <\/span><\/span><\/span><span style=\"font-family: Calibri, sans-serif;\">Aquarell, Gouache, Tusche und Buntstiften, ihre Auftrags-Illustrationen entstehen aber \u00fcberwiegend am Computer oder in einer Mischung aus traditionellen und digitalen Mitteln. <\/span><\/p>\n<p><span style=\"font-family: Calibri, sans-serif;\">Viele von Ramona Wultschners Illustrationen sind sehr \u201eoutlinebetont\u201c und zeigen somit eine gro\u00dfe N\u00e4he zum Comic und bilden eine Symbiose mit den ebenfalls comichaft inszenierten Texten und Anmerkungen, die oft in die Zeichnungen integriert sind. So z.B. auch in ihrem Buch \u201eDurchtrieben durch den Alltag- Die Schurkenstrategie\u201c, aus dem sie einzelne Bl\u00e4tter in der Ausstellung zeigt. In diesem Buch gibt sie auf humorvolle Weise eine Anleitung, wie man sich geschickt durch den Alltag mogelt und f\u00fchrt den Leser mit liebevollen Illustrationen und Texten in die Kunst des erfolgreichen Schummelns, Abstaubens, Vordr\u00e4ngelns und Flunkerns ein, oder kurz: Sie erkl\u00e4rt, wie man ein gewiefter Schurke im Alltag wird. <\/span><\/p>\n<p><span style=\"font-family: Calibri, sans-serif;\">Gerne sucht sie sich in ihren freien Arbeiten auch zeichnerische Herausforderungen und besch\u00e4ftigt sich dann so lange damit, bis sie das Gef\u00fchl hat, sich mit dem Thema angefreundet zu haben. Auf diese Weise sind zum Beispiel \u00fcber hundert Pferdezeichnungen entstanden. <\/span><\/p>\n<p><span style=\"color: #000000;\"><span style=\"font-family: Calibri, sans-serif;\"><span style=\"font-size: medium;\">Ramona Wultschner ist 1987 in Heilbronn geboren und aufgewachsen. Sie studierte Visuelle Kommunikation an der Hochschule f\u00fcr Gestaltung in Pforzheim, bevor ihre Arbeit als Illustratorin bei einem Trickfilmstudio in K\u00f6ln sie nach Neuss zog. Von dort aus wirkt sie als selbstst\u00e4ndige Illustratorin bei Trickfilmproduktionen, Kinderb\u00fcchern und Spiele-Entwicklungen mit. Durch ihr leidenschaftliches Hobby \u201eSketchnoting\u201c ist sie 2015 mit der Bikablo Akademie in Kontakt gekommen, wo sie seither als Visualisierungstrainerin in Erscheinung tritt und ihre Begeisterung f\u00fcrs Zeichnen an Andere weitergibt. Im Jahr 2016 ver\u00f6ffentlichte sie ihr witzig-ironisch illustriertes Buch \u201eDurchtrieben durch den Alltag &#8211; die Schurkenstrategie\u201c beim Lappan Verlag.<\/span><\/span><\/span><\/p>\n<p><span style=\"font-family: Calibri, sans-serif;\"><span style=\"font-size: medium;\"><a href=\"http:\/\/ramona-wultschner.de\/\" target=\"_blank\">http:\/\/ramona-wultschner.de<\/a> <\/span><\/span><\/p>\n","protected":false},"excerpt":{"rendered":"<p>Ramona Wultschner arbeitet gerne mit traditionellen Medien, wie Aquarell, Gouache, Tusche und Buntstiften, ihre Auftrags-Illustrationen entstehen aber \u00fcberwiegend am Computer oder in einer Mischung aus traditionellen und digitalen Mitteln. Viele von Ramona Wultschners Illustrationen sind sehr \u201eoutlinebetont\u201c und zeigen somit eine gro\u00dfe N\u00e4he zum Comic und bilden eine Symbiose mit den ebenfalls comichaft inszenierten Texten &hellip; <\/p>\n<p class=\"link-more\"><a href=\"http:\/\/www.schwerpunkt-galerie.de\/index.php\/ramona-wultschner\/\" class=\"more-link\"><span class=\"screen-reader-text\">\u201eRamona Wultschner\u201c<\/span> weiterlesen<\/a><\/p>\n","protected":false},"author":1,"featured_media":0,"parent":0,"menu_order":0,"comment_status":"closed","ping_status":"closed","template":"","meta":{"footnotes":""},"class_list":["post-102","page","type-page","status-publish","hentry"],"_links":{"self":[{"href":"http:\/\/www.schwerpunkt-galerie.de\/index.php\/wp-json\/wp\/v2\/pages\/102","targetHints":{"allow":["GET"]}}],"collection":[{"href":"http:\/\/www.schwerpunkt-galerie.de\/index.php\/wp-json\/wp\/v2\/pages"}],"about":[{"href":"http:\/\/www.schwerpunkt-galerie.de\/index.php\/wp-json\/wp\/v2\/types\/page"}],"author":[{"embeddable":true,"href":"http:\/\/www.schwerpunkt-galerie.de\/index.php\/wp-json\/wp\/v2\/users\/1"}],"replies":[{"embeddable":true,"href":"http:\/\/www.schwerpunkt-galerie.de\/index.php\/wp-json\/wp\/v2\/comments?post=102"}],"version-history":[{"count":2,"href":"http:\/\/www.schwerpunkt-galerie.de\/index.php\/wp-json\/wp\/v2\/pages\/102\/revisions"}],"predecessor-version":[{"id":151,"href":"http:\/\/www.schwerpunkt-galerie.de\/index.php\/wp-json\/wp\/v2\/pages\/102\/revisions\/151"}],"wp:attachment":[{"href":"http:\/\/www.schwerpunkt-galerie.de\/index.php\/wp-json\/wp\/v2\/media?parent=102"}],"curies":[{"name":"wp","href":"https:\/\/api.w.org\/{rel}","templated":true}]}}