{"id":100,"date":"2017-02-18T17:39:51","date_gmt":"2017-02-18T16:39:51","guid":{"rendered":"http:\/\/www.schwerpunkt-galerie.de\/?page_id=100"},"modified":"2017-02-19T18:46:22","modified_gmt":"2017-02-19T17:46:22","slug":"jouak","status":"publish","type":"page","link":"http:\/\/www.schwerpunkt-galerie.de\/index.php\/jouak\/","title":{"rendered":"Jouak"},"content":{"rendered":"<p><span style=\"color: #000000;\"><span style=\"font-family: Calibri, sans-serif;\"><span style=\"font-size: medium;\">In seinen leuchtend farbigen Illustrationen besch\u00e4ftigt sich Joakim Riedinger, genannt Jouak, vor allem mit dem menschlichen K\u00f6rper und seinen Bewegungen. Insbesondere Sportler stehen im Mittelpunkt seines Interesses und er setzt sie und ihre K\u00f6rpersprache gekonnt mit allen zeichnerischen Mitteln der Verk\u00fcrzung, \u00dcberl\u00e4ngung und Verzerrung in Szene. Ganz gleich ob er Zinedine Zidane&#8217;s Kopfsto\u00df, Usain Bolt bei seinem Lauf im Stadion, einen Drummer beim Auftritt, den biblischen \u201eguten Hirten\u201c oder einen Skater, der direkt aus der Ambulanz heraus, mit eingegipstem Arm und Bein, das Treppengel\u00e4nder vor dem Krankenhaus herunterskatet, zeichnet, er zeigt sie immer in \u00e4u\u00dferster gesteigerter Dynamik und mit comichafter \u00dcberzeichnung. All diese Figuren haben gemeinsam, dass sie das, was sie tun, aus voller \u00dcberzeugung, mit Leidenschaft und sehr viel Energie tun. <\/span><\/span><\/span><\/p>\n<p><span style=\"font-size: medium;\"><span style=\"color: #000000;\"><span style=\"font-family: Calibri, sans-serif;\">Jouak ist ein franz\u00f6sischer Illustrator, der auch sehr viel im Bereich des Animationsfilms arbeitet. Er studierte Animation an der \u00c9cole Sup\u00e9rieure des M\u00e9tiers Artistiques <\/span><\/span><span style=\"color: #000000;\"><span style=\"font-family: Calibri, sans-serif;\">in Montpellier<\/span><\/span><span style=\"color: #000000;\"><span style=\"font-family: Calibri, sans-serif;\">,<\/span><\/span><span style=\"color: #000000;\"><span style=\"font-family: Calibri, sans-serif;\"> arbeitete mehrere Jahre im Bereich Animation bei \u201eThe Mill\u201c in London und als \u201eCharacter Animator\u201c bei \u201eIllumination MacGuff\u201c f\u00fcr den Feature Film \u201eMinions\u201c, sowie f\u00fcr die Agentur Reklame-FX. Er ist Teil des franz\u00f6sischen Illustratoren-Kollektivs \u201eMajeure\u201c und lebt und arbeitet aktuell in Stuttgart als selbstst\u00e4ndiger Freelancer im Bereich Illustration und Character Animation. <\/span><\/span><\/span><\/p>\n<p><a href=\"http:\/\/jouak.com\/\"><span style=\"color: #000000;\"><span style=\"font-family: Calibri, sans-serif;\"><span style=\"font-size: medium;\">http:\/\/jouak.com\/<\/span><\/span><\/span><\/a><\/p>\n","protected":false},"excerpt":{"rendered":"<p>In seinen leuchtend farbigen Illustrationen besch\u00e4ftigt sich Joakim Riedinger, genannt Jouak, vor allem mit dem menschlichen K\u00f6rper und seinen Bewegungen. Insbesondere Sportler stehen im Mittelpunkt seines Interesses und er setzt sie und ihre K\u00f6rpersprache gekonnt mit allen zeichnerischen Mitteln der Verk\u00fcrzung, \u00dcberl\u00e4ngung und Verzerrung in Szene. Ganz gleich ob er Zinedine Zidane&#8217;s Kopfsto\u00df, Usain Bolt &hellip; <\/p>\n<p class=\"link-more\"><a href=\"http:\/\/www.schwerpunkt-galerie.de\/index.php\/jouak\/\" class=\"more-link\"><span class=\"screen-reader-text\">\u201eJouak\u201c<\/span> weiterlesen<\/a><\/p>\n","protected":false},"author":1,"featured_media":0,"parent":0,"menu_order":0,"comment_status":"closed","ping_status":"closed","template":"","meta":{"footnotes":""},"class_list":["post-100","page","type-page","status-publish","hentry"],"_links":{"self":[{"href":"http:\/\/www.schwerpunkt-galerie.de\/index.php\/wp-json\/wp\/v2\/pages\/100","targetHints":{"allow":["GET"]}}],"collection":[{"href":"http:\/\/www.schwerpunkt-galerie.de\/index.php\/wp-json\/wp\/v2\/pages"}],"about":[{"href":"http:\/\/www.schwerpunkt-galerie.de\/index.php\/wp-json\/wp\/v2\/types\/page"}],"author":[{"embeddable":true,"href":"http:\/\/www.schwerpunkt-galerie.de\/index.php\/wp-json\/wp\/v2\/users\/1"}],"replies":[{"embeddable":true,"href":"http:\/\/www.schwerpunkt-galerie.de\/index.php\/wp-json\/wp\/v2\/comments?post=100"}],"version-history":[{"count":2,"href":"http:\/\/www.schwerpunkt-galerie.de\/index.php\/wp-json\/wp\/v2\/pages\/100\/revisions"}],"predecessor-version":[{"id":149,"href":"http:\/\/www.schwerpunkt-galerie.de\/index.php\/wp-json\/wp\/v2\/pages\/100\/revisions\/149"}],"wp:attachment":[{"href":"http:\/\/www.schwerpunkt-galerie.de\/index.php\/wp-json\/wp\/v2\/media?parent=100"}],"curies":[{"name":"wp","href":"https:\/\/api.w.org\/{rel}","templated":true}]}}

<p><span style="color: #000000;"><span style="font-family: Calibri, sans-serif;"><span style="font-size: medium;">In seinen leuchtend farbigen Illustrationen beschäftigt sich Joakim Riedinger, genannt Jouak, vor allem mit dem menschlichen Körper und seinen Bewegungen. Insbesondere Sportler stehen im Mittelpunkt seines Interesses und er setzt sie und ihre Körpersprache gekonnt mit allen zeichnerischen Mitteln der Verkürzung, Überlängung und Verzerrung in Szene. Ganz gleich ob er Zinedine Zidane&#8217;s Kopfstoß, Usain Bolt bei seinem Lauf im Stadion, einen Drummer beim Auftritt, den biblischen „guten Hirten“ oder einen Skater, der direkt aus der Ambulanz heraus, mit eingegipstem Arm und Bein, das Treppengeländer vor dem Krankenhaus herunterskatet, zeichnet, er zeigt sie immer in äußerster gesteigerter Dynamik und mit comichafter Überzeichnung. All diese Figuren haben gemeinsam, dass sie das, was sie tun, aus voller Überzeugung, mit Leidenschaft und sehr viel Energie tun. </span></span></span></p>
<p><span style="font-size: medium;"><span style="color: #000000;"><span style="font-family: Calibri, sans-serif;">Jouak ist ein französischer Illustrator, der auch sehr viel im Bereich des Animationsfilms arbeitet. Er studierte Animation an der École Supérieure des Métiers Artistiques </span></span><span style="color: #000000;"><span style="font-family: Calibri, sans-serif;">in Montpellier</span></span><span style="color: #000000;"><span style="font-family: Calibri, sans-serif;">,</span></span><span style="color: #000000;"><span style="font-family: Calibri, sans-serif;"> arbeitete mehrere Jahre im Bereich Animation bei „The Mill“ in London und als „Character Animator“ bei „Illumination MacGuff“ für den Feature Film „Minions“, sowie für die Agentur Reklame-FX. Er ist Teil des französischen Illustratoren-Kollektivs „Majeure“ und lebt und arbeitet aktuell in Stuttgart als selbstständiger Freelancer im Bereich Illustration und Character Animation. </span></span></span></p>
<p><a href="http://jouak.com/"><span style="color: #000000;"><span style="font-family: Calibri, sans-serif;"><span style="font-size: medium;">http://jouak.com/</span></span></span></a></p>

<p>In seinen leuchtend farbigen Illustrationen beschäftigt sich Joakim Riedinger, genannt Jouak, vor allem mit dem menschlichen Körper und seinen Bewegungen. Insbesondere Sportler stehen im Mittelpunkt seines Interesses und er setzt sie und ihre Körpersprache gekonnt mit allen zeichnerischen Mitteln der Verkürzung, Überlängung und Verzerrung in Szene. Ganz gleich ob er Zinedine Zidane&#8217;s Kopfstoß, Usain Bolt &hellip; </p>
<p class="link-more"><a href="http://www.schwerpunkt-galerie.de/index.php/jouak/" class="more-link"><span class="screen-reader-text">„Jouak“</span> weiterlesen</a></p>
